78025 a multiple of 275?
True
Is 796374 a multiple of 151?
True
Is 18 a factor of 719950?
False
Does 18 divide 652914?
True
Is 6260982 a multiple of 52?
False
Is 18 a factor of 260875?
False
Is 20286 a multiple of 322?
True
Is 491 a factor of 47627?
True
Does 131 divide 45064?
True
Is 66 a factor of 630366?
True
Does 20 divide 283147?
False
Does 11 divide 497486?
True
Is 621 a factor of 973742?
False
Does 31 divide 6415888?
False
Is 69056 a multiple of 13?
True
Is 4729204 a multiple of 9?
False
Is 2602315 a multiple of 655?
True
Does 14 divide 23939930?
True
Is 16 a factor of 1026000?
True
Is 31 a factor of 131130?
True
Does 23 divide 236992?
True
Is 811725 a multiple of 11?
False
Is 43 a factor of 5095199?
True
Does 6 divide 302715?
False
Is 157882 a multiple of 232?
False
Is 70 a factor of 216510?
True
Does 20 divide 215080?
True
Is 330865 a multiple of 399?
False
Is 3169716 a multiple of 118?
True
Does 13 divide 34372?
True
Is 9 a factor of 1159407?
True
Is 1354 a factor of 3099306?
True
Does 391 divide 4459604?
False
Does 16 divide 681?
False
Is 322137 a multiple of 369?
True
Is 148 a factor of 106708?
True
Is 7 a factor of 550470?
False
Does 232 divide 3398800?
True
Is 27 a factor of 92475?
True
Does 4 divide 21124?
True
Is 5261900 a multiple of 35?
True
Does 12 divide 4106368?
False
Is 7060057 a multiple of 9?
False
Does 99 divide 39839?
False
Is 107 a factor of 41478?
False
Is 118 a factor of 74564?
False
Does 60 divide 256200?
True
Is 87 a factor of 24215667?
True
Is 1116060 a multiple of 1335?
True
Does 722 divide 3981108?
True
Does 1243 divide 3312090?
False
Is 92 a factor of 181889?
False
Is 36096 a multiple of 80?
False
Does 2 divide 818877?
False
Is 161896 a multiple of 413?
True
Is 44990 a multiple of 251?
False
Is 34 a factor of 122978?
True
Is 62759 a multiple of 3?
False
Is 5 a factor of 2443015?
True
Is 420096 a multiple of 9?
False
Is 32 a factor of 117824?
True
Is 4457512 a multiple of 806?
False
Is 109380 a multiple of 12?
True
Is 862080 a multiple of 20?
True
Does 158 divide 3570305?
False
Does 43 divide 551604?
True
Is 221 a factor of 12642763?
False
Is 42 a factor of 31946586?
True
Is 13 a factor of 3557?
False
Is 1422357 a multiple of 18?
False
Is 1470849 a multiple of 164?
False
Is 6 a factor of 121590?
True
Is 386 a factor of 5597088?
False
Is 38831 a multiple of 2?
False
Is 489 a factor of 1264243?
False
Is 279298 a multiple of 167?
False
Is 80 a factor of 582000?
True
Is 187 a factor of 1423257?
True
Is 25 a factor of 73000?
True
Is 5 a factor of 1734120?
True
Is 118332 a multiple of 346?
True
Is 725 a factor of 1500750?
True
Is 189181 a multiple of 257?
False
Is 7089576 a multiple of 733?
True
Does 90 divide 9505890?
True
Is 3348697 a multiple of 214?
False
Is 89516 a multiple of 7?
True
Does 23 divide 532148?
False
Is 1189112 a multiple of 159?
False
Does 1300 divide 7976504?
False
Does 957 divide 8908266?
False
Is 88616 a multiple of 152?
True
Does 14 divide 886152?
False
Is 10 a factor of 4866800?
True
Does 5 divide 517?
False
Is 88457 a multiple of 16?
False
Is 982380 a multiple of 70?
True
Is 24 a factor of 24744?
True
Is 56 a factor of 3604496?
True
Is 26486 a multiple of 11?
False
Does 84 divide 1273567?
False
Is 13 a factor of 768652?
False
Is 514 a factor of 21588?
True
Does 1095 divide 9852810?
True
Is 382380 a multiple of 5?
True
Is 605 a multiple of 15?
False
Is 5455953 a multiple of 9?
True
Does 58 divide 302644?
True
Is 10312396 a multiple of 485?
False
Is 323495 a multiple of 64?
False
Is 125567 a multiple of 5?
False
Is 921401 a multiple of 14?
False
Is 11 a factor of 9207?
True
Is 84 a factor of 281904?
True
Does 135 divide 267570?
True
Is 18 a factor of 1294398?
True
Is 15 a factor of 41070?
True
Does 17 divide 30090?
True
Does 18 divide 1603599?
False
Does 17 divide 13615023?
False
Does 75 divide 405000?
True
Is 114 a factor of 2918286?
True
Is 606192 a multiple of 584?
True
Does 93 divide 2262411?
True
Is 1978596 a multiple of 102?
True
Does 15 divide 43885?
False
Does 353 divide 21552062?
True
Does 29 divide 1601994?
False
Does 195 divide 1127150?
False
Is 2212887 a multiple of 449?
False
Does 18 divide 148959?
False
Is 24040770 a multiple of 388?
False
Is 373 a factor of 6757268?
True
Is 9 a factor of 91807?
False
Does 105 divide 253429?
False
Is 207421 a multiple of 38?
False
Does 34 divide 182954?
True
Is 178 a factor of 147562?
True
Is 81326 a multiple of 14?
True
Does 601 divide 2827370?
False
Is 64 a factor of 719232?
True
Is 102 a factor of 1415673?
False
Is 173 a factor of 671586?
True
Does 368 divide 2641872?
True
Is 9 a factor of 3230584?
False
Is 83837 a multiple of 7?
False
Does 94 divide 5403504?
False
Is 469656 a multiple of 99?
True
Is 2 a factor of 4861?
False
Is 662213 a multiple of 3?
False
Is 83 a factor of 112050?
True
Is 2870400 a multiple of 384?
True
Does 17 divide 48155?
False
Is 178 a factor of 65504?
True
Is 3 a factor of 26919?
True
Does 57 divide 54321?
True
Is 5 a factor of 364975?
True
Is 2138190 a multiple of 542?
True
Does 101 divide 1975661?
True
Does 34 divide 2012389?
False
Is 8 a factor of 243688?
True
Does 58 divide 160370?
True
Is 197115 a multiple of 51?
True
Is 601 a factor of 13433552?
True
Is 791654 a multiple of 38?
True
Is 180 a factor of 6726600?
True
Does 510 divide 281881?
False
Does 166 divide 5144181?
False
Is 16451054 a multiple of 137?
False
Is 2604 a multiple of 31?
True
Is 2298920 a multiple of 20?
True
Is 130385 a multiple of 291?
False
Is 806848 a multiple of 58?
False
Does 65 divide 146862?
False
Is 17437707 a multiple of 14?
False
Is 5049742 a multiple of 302?
True
Is 82 a factor of 26560456?
True
Is 40087 a multiple of 9?
False
Is 30228 a multiple of 66?
True
Does 354 divide 803226?
True
Does 231 divide 949872?
True
Is 17 a factor of 114466?
False
Is 3388090 a multiple of 9?
False
Is 87 a factor of 63510?
True
Does 10 divide 44722?
False
Is 260913 a multiple of 10?
False
Does 529 divide 382489?
False
Is 123 a factor of 827790?
True
Does 10 divide 108395?
False
Does 368 divide 1825675?
False
Is 6327 a multiple of 37?
True
Is 411748 a multiple of 371?
False
Is 56 a factor of 586477?
False
Does 72 divide 27868?
False
Is 885064 a multiple of 33?
False
Is 3111696 a multiple of 98?
True
Does 703 divide 5383333?
False
Does 15 divide 723799?
False
Does 268 divide 3084680?
True
Is 52 a factor of 4667593?
False
Is 76 a factor of 59600?
False
Does 5 divide 76350?
True
Is 90 a factor of 1844545?
False
Is 9 a factor of 2364750?
True
Is 16 a factor of 4754682?
False
Is 2108 a factor of 10053052?
True
Does 18 divide 28277?
False
Is 18 a factor of 1236074?
False
Does 15 divide 3099225?
True
Is 60 a factor of 160250?
False
Is 9 a factor of 498429?
True
Is 1627593 a multiple of 407?
True
Is 19 a factor of 2546411?
False
Does 34 divide 3570136?
True
Is 24001 a multiple of 70?
False
Does 72 divide 26766?
False
Is 610050 a multiple of 213?
False
Does 21 divide 111594?
True
Does 23 divide 684519?
False
Does 9 divide 72561?
False
Does 137 divide 6051?
False
Is 92 a factor of 20774940?
False
Does 1169 divide 567092?
False
Is 7 a factor of 148680?
True
Is 472903 a multiple of 274?
False
Is 445 a factor of 3405140?
True
Is 799994 a multiple of 377?
True
Does 5 divide 80419?
False
Is 22544 a multiple of 51?
False
Does 285 divide 9342022?
False
Is 5 a factor of 4650114?
False
Does 96 divide 401376?
True
Does 152 divide 2238524?
False
Does 2197 divide 10122485?
False
Is 36 a factor of 751995?
False
Is 162448 a multiple of 10?
False
Is 5484072 a multiple of 44?
True
Does 3 divide 7385?
False
Is 1765450 a multiple of 62?
True
Does 351 divide 14040?
True
Is 4288150 a multiple of 798?
False
Is 48 a factor of 142140?
False
Is 37530 a multiple of 14?
False
Is 324 a factor of 773384?
False
Is 11 a factor of 1007710?
True
Is 905 a factor of 2629211?
False
Does 7 divide 873624?
False
Is 53648 a multiple of 36?
False
Does 23 divide 36915?
True
Is 111915 a multiple of 15?
True
Is 3584545 a multiple of 295?
True
Is 584 a factor of 850304?
True
Is 30 a factor of 4440?
True
Is 1435231 a multiple of 4?
False
Does 19 divide 6406900?
False
Is 18 a factor of 33858?
True
Is 628138 a multiple of 9?
False
Is 8 a factor of 10056?
True
Is 230 a factor of 6346620?
True
Is 2503471 a m